a + 1, 4*a + x = 3*d. Give g(d).
-7
Let d = -21 + 17. Let k(a) = -a - 1. Give k(d).
3
Suppose -5*l - 16 - 4 = 0. Let v(u) = 1 - 7 - 2*u + 4. Give v(l).
6
Suppose 0 = -5*q + 5*o - 4*o + 31, 4*q + 5*o = 19. Let i(y) = y**3 - 6*y**2 - 2*y + 7. Determine i(q).
-5
Let g be (1/1)/(0 + -1). Let r(n) be the first derivative of -n**5/12 - n**4/24 - n**3/6 + n**2 + 6. Let x(q) be the second derivative of r(q). Determine x(g).
-5
Let m be 8 + (1 - 3 - 1). Suppose 0 = m*h - h + 8. Let s(i) = -2*i**2 + 3*i + 3. Determine s(h).
-11
Let x(b) = -9*b**2 - b + 2. Let g be x(2). Let o be (-6)/(-21) - g/(-28). Let q(l) = 7*l. Determine q(o).
-7
Suppose 3*k + 8 - 5 = 0. Let n(d) = -d**3 - 2*d**2 - d - 1. Calculate n(k).
-1
Let v be 10/4 - 3/6. Suppose 2*x = -5*r + 29, v*r = -x - x + 20. Let b(g) = 2*g**2 - x*g + g**2 - 5*g**2 - 6. Give b(-4).
-10
Let a(h) be the first derivative of -h**2 + 2*h - 27. Determine a(-6).
14
Let b be (-1)/(-4) - (-15)/(-12). Let f(n) = 14*n**2 - 2*n - 1. Determine f(b).
15
Suppose 0 = -4*m - 0*m + 128. Let f = -13 + m. Suppose -5*j + 25 = -0*n + 4*n, j - 4*n + f = 0. Let r(y) = -3*y**3 - y**2 - y + 1. Calculate r(j).
-4
Let a(o) be the first derivative of o**3/3 - 7*o**2/2 - 6*o - 3. Let r(u) = 2*u**2 - 8*u - 6. Let y(m) = -3*a(m) + 2*r(m). Give y(-5).
6
Let h(r) = -4*r + 4*r - r**3. Let k(l) = 5*l**3 - 2*l**2 - 5*l - 2. Let d(j) = -4*h(j) - k(j). Determine d(4).
-10
Let j(o) = o**3 - 6*o**2 - 7*o + 8. Let q be (-2 - 2/(-4))*(-98)/21. Determine j(q).
8
Let z = 37 - 18. Suppose f = d + 4, -3*f - 2*d = -6 + z. Let r(c) = -c - 1. Let x(s) = 5*s. Let i(a) = -r(a) + x(a). Give i(f).
-5
Let f(h) = -2*h - 1. Let j(r) = -13 - 11*r**2 + 3*r**2 + 8*r - 2*r**3 + r**3. Suppose 2*b + 35 = -5*v, -v = -5*v + 4*b - 56. Let q be j(v). Calculate f(q).
7
Suppose -i - 1 = 12. Let c = -7 - i. Suppose 1 = l - 2*f, -3*f + 0 + c = l. Let k(d) = -2*d - 2. Determine k(l).
-8
Let u be (-3 - -3)/(2 - 4). Suppose u = o + 2*o - 21. Let b(x) = x**3 - 7*x**2 + 2*x - 3. What is b(o)?
11
Let k be 1/4 - (-5)/(-20). Let a(g) = g**2 + 3*g - 3. Let i(w) = -2*w**2 - 5*w + 7. Let r(n) = -5*a(n) - 3*i(n). Give r(k).
-6
Suppose -5*y - r + 2*r + 4 = 0, 0 = 4*y - 4*r. Let g be 0/y - 0 - -1. Let t(q) = 3*q + 1. What is t(g)?
4
Let y(f) = 13*f - 3*f**2 - 7*f - 7*f. Give y(-1).
-2
Let j(k) = 6*k**3 - 7*k**3 - 3 - 5*k + 5*k + 4*k. Give j(2).
-3
Let h = -128 + 125. Let y(v) = 3*v + 3. What is y(h)?
-6
Let x be (2 + -1 - 2)*-2. Let r(b) be the second derivative of -5*b**3/2 + 5*b**2 + b. Let l(a) = -3*a + 2. Let n(c) = 11*l(c) - 2*r(c). Give n(x).
-4
Let d(g) = g**3 + g**2 - g - 8. Suppose 2*k - 2*w - 6 = -3*k, 0 = -2*k - 3*w + 10. Suppose 3*b = -k*b. What is d(b)?
-8
Let l(j) = -j**3 + 1. Let r(g) = g + 10. Let m be r(-9). Suppose 5*z - 26 = -m. Suppose -z*i = -25, 3*i - 18 = -2*v - i. What is l(v)?
2
Let l(z) = 3*z**3 + 26*z**2 - 30*z - 32. Let q(b) = -2*b**3 - 17*b**2 + 20*b + 21. Let j(c) = 5*l(c) + 8*q(c). Give j(-7).
-13
Let w(o) = o**2 - 24*o + 3. Let q be w(24). Let f(t) = t - 3. What is f(q)?
0
Let p = -41 + 49. Let d(r) = r + 1. Determine d(p).
9
Suppose -5*q + 2*q + 18 = 0. Let r(v) be the third derivative of v**4/24 - 7*v**3/6 + 3*v**2. What is r(q)?
-1
Let f(p) = -6*p**3 - 3*p**2 + 7*p - 8. Let k(s) = s**3 + s**2 - s + 1. Let a(h) = -f(h) - 5*k(h). Give a(3).
6
Let p(r) = -r**3 + 3*r**2 + 4*r + 1. Let a(x) = x**2 - 12. Let j be a(-4). Give p(j).
1
Let r(n) = -n**2 + 1. Let y = -25 + 10. Let f be 12/10*(-50)/y. Suppose -3*z = -3*c - 12, -2*c - 8 = f*z - 0. Calculate r(z).
1
Let q be 3*(0 - 2/(-3)). Let m(n) = n**3 - 3*n**2 - 1. Let b be m(q). Let t(r) be the third derivative of -r**5/60 - r**4/4 - r**3 + 2*r**2. What is t(b)?
-1
Let y(a) = -7*a - 3*a**2 - 3 + 24*a + 2*a**2 - 16*a. Give y(0).
-3
Let l(x) = 2 + 4 + 6*x - x**3 - 2 - 1 - 4*x**2. Let u = -7 - 1. Let y = u - -3. Determine l(y).
-2
Let t(c) = -5 + 1 - c + 0*c + 5. Let f(j) = -2*j + 14. Let n(p) = f(p) - 3*t(p). What is n(0)?
11
Let m(z) = 2*z + 4. Let w(r) = -r**3 - 9*r**2 + r + 6. Let o(l) = -l - 6. Let p be o(3). Let n be w(p). Determine m(n).
-2
Let w be 2 - 6/(-4)*2. Suppose y - 10 - 4 = 5*u, w*y - 2*u + 22 = 0. Let s(m) = m**3 + 5*m**2 - 7*m - 6. What is s(y)?
0
Suppose 6 = y - 0. Let f(z) = -z - 1. Let h(a) = a**3 - 5*a**2 - 4*a + 2. Let n(m) = -3*f(m) - h(m). Calculate n(y).
7
Let m(a) be the first derivative of -5*a**2/2 - 3*a - 2. Give m(-3).
12
Let g(q) = q**2 - 4*q - 4. Let x(o) = 5*o**3 + o. Let n be x(1). Give g(n).
8
Let f(k) = -3*k. Suppose -8*g + 4 = -4*g. Calculate f(g).
-3
Let f(a) = -2*a**3 - a**2 + 13*a - 1. Let b(i) = -i**3 - i**2 + 7*i - 1. Let h(n) = -7*b(n) + 4*f(n). Determine h(4).
-1
Let u(x) = 6*x - 37. Let p be u(6). Let s(a) = 2 + 7*a**3 - a**2 + 0 - 3 - 2*a. Calculate s(p).
-7
Let i(s) = -5*s**2 - s - 6. Let w(g) = g**2 + g + 1. Let f(l) = i(l) + 3*w(l). Let n = 7 - 0. Let z = -5 + n. What is f(z)?
-7
Let p(m) = m**3 + 5*m**2 + m - 3. Let f(b) = 4*b - 6. Let x be f(7). Suppose -o - 1 = -2*u, -2*o - x = 2*o + u. Calculate p(o).
-8
Let t(k) = -k**3 + k**2 - 1. Let b(q) = -4*q**3 + 9*q**2 - 4*q. Let j(x) = -b(x) + 5*t(x). Determine j(-5).
0
Let d = -87 - -89. Let l(m) be the first derivative of -d + m + 1/2*m**2. Determine l(1).
2
Let b(a) be the first derivative of -7*a**2/2 - 2*a + 8. Calculate b(-2).
12
Let f = -4 + 19. Suppose o = 6*o - f. Let n(c) = -c + o - 6*c**2 + 3*c**2 - 4 + 4*c**2. Calculate n(-1).
1
Let r(w) be the second derivative of w**5/20 + w**4/2 + 2*w**3/3 - 7*w**2/2 + 12*w. Let v(y) = y**3 + y**2 - 5. Let c be v(0). What is r(c)?
-2
Let f = -13 - -15. Suppose -f*x + 3*b - 1 = 0, b - 6 = -5*x - 0*b. Let o(v) = 8*v. Calculate o(x).
8
Let z(j) = j**3 - 6*j**2 + 5*j - 6. Let q be 0/((1 - 3) + 0). Suppose -28 = -4*x + 2*w, -2*x + 0*w + 3*w + 22 = q. Calculate z(x).
-6
Suppose -28 + 4 = -4*a. Let i(q) = 0*q + 0 + 0 - a + q. What is i(5)?
-1
Let v(g) = 1 + 2*g + 5 + 5 - 3*g. Give v(0).
11
Let o(s) = s**2 - s - 4. Let g be (-76)/18 - (-4)/18. Determine o(g).
16
Let i = 5 - 1. Let p(b) = b + 1. Determine p(i).
5
Let b(i) = -i**3 + 9*i**2 + 10*i + 8. Let f be b(10). Let k(y) = 4 - 8 + 3 - f*y. Give k(-1).
7
Let t(s) = 4*s + 1. Let c be (-1)/(2 + (-14)/6). Let q be c - 1*(2 + 0). Give t(q).
5
Let j(x) = -62*x + 32*x + 2 + 33*x. Suppose -5*y + 18 = s, -6*s = -s - 3*y + 22. Give j(s).
-4
Let s(d) = -4 + 7 - 10 + d. Give s(4).
-3
Let z(i) = 3*i**2 + 0 + i**3 + 3 - 4 - 3*i**3. Let d be z(2). Let g(l) = -l**3 + 1 - 7*l - 4*l**2 + 1 + 14*l. Calculate g(d).
-8
Let r = -52 + 50. Let j(d) = 3*d - 2. What is j(r)?
-8
Let a(b) = -b. Let j(u) = -2*u**2 + 1. Let v be j(-2). Determine a(v).
7
Let s(i) = 3*i - 7. Let n be s(3). Let t(y) = 0*y - 2*y**3 + 4*y + 3*y**n + 2*y - 6 + y**3. Determine t(4).
2
Let k be ((-10)/15)/((-4)/72). Let c(h) = -h + 17. Calculate c(k).
5
Let k(h) = -2*h + 2. Let m be k(-2). Let v(f) = -6*f - 8 + m + 4 + f**2. Give v(6).
2
Let v(f) = -f**3 + 3*f**2 - 2*f + 3. Let n be (-10)/(-4 + 2) + -1. Let i = 6 - n. What is v(i)?
3
Let r(k) = 8*k**2 - 16*k + 4. Let b(y) = 7*y**2 - 15*y + 3. Let j(t) = -7*b(t) + 6*r(t). What is j(9)?
3
Suppose -6*k = -k. Let q(j) = j**2 - j + 8. Give q(k).
8
Suppose c + 1 = -4*i + 3, 3*i - 4*c = 11. Let j(k) = 3*k. Let t be j(i). Let r(y) = 5 + 3*y**2 - 2*y**2 + 3*y**2 - 8*y + 3*y + y**t. Give r(-5).
5
Let w(j) = j - 1. Let p = -42 + 44. Let l(r) be the second derivative of r**3/6 - r**2/2 - r. Let a(i) = p*l(i) - w(i). What is a(5)?
4
Let v = 15 + -18. Let d be (1 + -2)/v*3. Let w(g) = 7*g**3 - g. What is w(d)?
6
Let g be 4/(-6) + 20/12. Let x = 5 - g. Suppose 2*m - 6 = -x*t, t - 5 = -m - 1. Let z(l) = -l + 6. Calculate z(m).
1
Let d(t) = t - 5. Let z(i) = -i**3 + 20*i**2 - 18*i - 19. Let j be z(19). What is d(j)?
-5
Let t(g) = g + 7. Let m be t(-5). Let n = 2 - m. Let i(o) = 2*o + n + 6 - 3. Give i(-3).
-3
Suppose z + 0 = 4. Let d(g) be the second derivative of g**5/20 - g**4/4 - 2*g**3/3 + g**2/2 - g. Give d(z).
1
Let c(w) = 22*w**2 - 7. Let s(o) = 32*o**2 - 10. Let y(q) = 7*c(q) - 5*s(q). Let t be ((1 + -2)/(-1))/(-1). Determine y(t).
-5
Let f(o) = o - 6. Let s be f(6). Suppose s*l = -2*l - 2. Let u(b) = -6*b**2 - 2 + 3 - 3*b**2. Determine u(l).
-8
Let o(i) = 17*i + 13. Let a(l) = 8*l + 6. Let j(c) = 13*a(c) - 6*o(c). Give j(-4).
-8
L